{"id":740,"date":"2022-01-31T18:59:11","date_gmt":"2022-01-31T17:59:11","guid":{"rendered":"http:\/\/avtechsummit.com\/index.php\/infos-pratiques-4\/"},"modified":"2022-09-12T15:38:57","modified_gmt":"2022-09-12T13:38:57","slug":"infos-pratiques-4","status":"publish","type":"page","link":"https:\/\/avtechsummit.com\/index.php\/infos-pratiques-4\/","title":{"rendered":"Infos pratiques"},"content":{"rendered":"\n    \n    <section class=\"u-align-center u-clearfix u-section-2\" id=\"sec-f191\">\n      <div class=\"u-custom-color-1 u-expanded-width u-shape u-shape-rectangle u-shape-1\"><\/div>\n      <div class=\"u-clearfix u-layout-wrap u-layout-wrap-1\">\n        <div class=\"u-layout\">\n          <div class=\"u-layout-row\">\n            <div class=\"u-align-left u-container-style u-layout-cell u-right-cell u-size-30 u-white u-layout-cell-1\">\n              <div class=\"u-container-layout u-valign-middle u-container-layout-1\">\n                <h1 class=\"u-text u-text-custom-color-1 u-text-1\" data-animation-name=\"fadeIn\" data-animation-duration=\"1750\" data-animation-direction=\"\">\n                  <font style=\"vertical-align: inherit;\">\n                    <font style=\"vertical-align: inherit;\">Je r\u00e9serve mon h\u00e9bergement<\/font>\n                  <\/font>\n                  <span style=\"font-size: 1.5rem; font-weight: 400;\"><\/span>\n                <\/h1>\n                <div class=\"u-custom-color-1 u-shape u-shape-rectangle u-shape-2\" data-animation-name=\"fadeIn\" data-animation-duration=\"1000\" data-animation-direction=\"Left\"><\/div>\n                <p class=\"u-custom-font u-heading-font u-text u-text-2\">\n                  <font style=\"vertical-align: inherit;\">\n                    <font style=\"vertical-align: inherit;\">avec les meilleurs tarifs de chambre <\/font>\n                  <\/font>\n                <\/p>\n                <a href=\"https:\/\/platform.revolugo.com\/hotels?wid=avtechsummit-biarritz\" class=\"u-border-2 u-border-custom-color-1 u-btn u-button-style u-custom-font u-heading-font u-hover-custom-color-1 u-none u-text-custom-color-1 u-text-hover-white u-btn-1\">\n                  <font style=\"vertical-align: inherit;\">\n                    <font style=\"vertical-align: inherit;\">liste des h\u00f4tels<\/font>\n                  <\/font>\n                <\/a>\n              <\/div>\n            <\/div>\n            <div class=\"u-container-style u-image u-layout-cell u-left-cell u-size-30 u-image-1\" data-image-width=\"1280\" data-image-height=\"854\" style=\"background-image: url(&quot;https:\/\/avtechsummit.com\/wp-content\/uploads\/2022\/01\/94cc44b75a415a4b3efa89b98a879e6024534531dceeaf448dcc9fbb11011626be56880af83e2796e2b0c4557ea9429d4411a94965a471900367e6_1280-10.jpg&quot;);\">\n              <div class=\"u-container-layout u-container-layout-2\"><\/div>\n            <\/div>\n          <\/div>\n        <\/div>\n      <\/div>\n    <\/section>\n    <section class=\"u-clearfix u-section-3\" src=\"\" id=\"carousel_9dd3\">\n      <div class=\"u-clearfix u-sheet u-sheet-1\">\n        <div class=\"u-clearfix u-expanded-width u-layout-wrap u-layout-wrap-1\">\n          <div class=\"u-layout\">\n            <div class=\"u-layout-row\">\n              <div class=\"u-container-style u-layout-cell u-left-cell u-size-23-md u-size-23-sm u-size-23-xs u-size-27-lg u-size-27-xl u-layout-cell-1\">\n                <div class=\"u-container-layout u-container-layout-1\">\n                  <h1 class=\"u-align-left u-text u-text-custom-color-1 u-text-1\">\n                    <font style=\"vertical-align: inherit;\">\n                      <font style=\"vertical-align: inherit;\">Le Bellevue <\/font>\n                    <\/font>\n                    <br>\n                    <span style=\"font-weight: 400; font-size: 1.875rem;\">\n                      <font style=\"vertical-align: inherit;\">\n                        <font style=\"vertical-align: inherit;\">Centre de congr\u00e8s<\/font>\n                      <\/font>\n                    <\/span>\n                  <\/h1>\n                  <div class=\"u-custom-color-1 u-shape u-shape-rectangle u-shape-1\"><\/div>\n                  <p class=\"u-align-left u-custom-font u-heading-font u-text u-text-custom-color-2 u-text-2\">\n                    <span style=\"font-weight: 400; font-size: 1.125rem;\">\n                      <font style=\"vertical-align: inherit;\">\n                        <font style=\"vertical-align: inherit;\">Construit en 1930 et r\u00e9put\u00e9 pour son style Belle Epoque, le Bellevue est situ\u00e9 en plein c\u0153ur de Biarritz. <\/font>\n                        <font style=\"vertical-align: inherit;\">Sa rotonde offre une vue imprenable sur l'oc\u00e9an. <\/font>\n                      <\/font>\n                    <\/span>\n                    <br>\n                  <\/p>\n                <\/div>\n              <\/div>\n              <div class=\"u-align-center-lg u-align-center-md u-align-center-xl u-align-left-sm u-align-left-xs u-container-style u-layout-cell u-right-cell u-shape-rectangle u-size-33-lg u-size-33-xl u-size-37-md u-size-37-sm u-size-37-xs u-layout-cell-2\">\n                <div class=\"u-container-layout u-valign-bottom-md u-valign-bottom-sm u-valign-bottom-xs u-valign-middle-lg u-valign-middle-xl u-container-layout-2\">\n                  <div alt=\"\" class=\"u-align-center-sm u-align-center-xs u-image u-image-circle u-image-1\" data-image-width=\"1600\" data-image-height=\"1064\" style=\"background-image: url(&quot;https:\/\/avtechsummit.com\/wp-content\/uploads\/2022\/01\/Biarritz_Casino_Bellevue-8.jpg&quot;);\"><\/div>\n                <\/div>\n              <\/div>\n            <\/div>\n          <\/div>\n        <\/div>\n      <\/div>\n    <\/section>\n    <section class=\"u-clearfix u-section-4\" src=\"\" id=\"carousel_7879\">\n      <div class=\"u-clearfix u-sheet u-sheet-1\">\n        <div class=\"u-clearfix u-expanded-width u-layout-wrap u-layout-wrap-1\">\n          <div class=\"u-layout\">\n            <div class=\"u-layout-row\">\n              <div class=\"u-container-style u-layout-cell u-left-cell u-size-23-md u-size-23-sm u-size-23-xs u-size-27-lg u-size-27-xl u-layout-cell-1\">\n                <div class=\"u-container-layout u-container-layout-1\">\n                  <h1 class=\"u-align-left u-text u-text-custom-color-1 u-text-1\">\n                    <font style=\"vertical-align: inherit;\">\n                      <font style=\"vertical-align: inherit;\">Le Casino <\/font>\n                    <\/font>\n                    <br>\n                    <span style=\"font-weight: 400; font-size: 1.875rem;\">\n                      <font style=\"vertical-align: inherit;\">\n                        <font style=\"vertical-align: inherit;\">Barri\u00e8re<\/font>\n                      <\/font>\n                    <\/span>\n                  <\/h1>\n                  <div class=\"u-custom-color-1 u-shape u-shape-rectangle u-shape-1\"><\/div>\n                  <p class=\"u-align-left u-custom-font u-heading-font u-text u-text-2\">\n                    <span class=\"u-text-custom-color-2\" style=\"font-size: 1.125rem;\">\n                      <span style=\"font-weight: 400;\"><\/span>\n                      <font style=\"vertical-align: inherit;\">\n                        <font style=\"vertical-align: inherit;\">Le Casino de Biarritz est situ\u00e9 le long de la c\u00f4te basque, en bord de mer. <\/font>\n                        <font style=\"vertical-align: inherit;\">Le casino a \u00e9t\u00e9 construit en 1901 et restyl\u00e9 art-d\u00e9co dans les ann\u00e9es 1920 <\/font>\n                      <\/font>\n                    <\/span>\n                    <br>\n                  <\/p>\n                <\/div>\n              <\/div>\n              <div class=\"u-align-center-lg u-align-center-md u-align-center-xl u-align-left-sm u-align-left-xs u-container-style u-layout-cell u-right-cell u-shape-rectangle u-size-33-lg u-size-33-xl u-size-37-md u-size-37-sm u-size-37-xs u-layout-cell-2\">\n                <div class=\"u-container-layout u-valign-bottom-md u-valign-bottom-sm u-valign-bottom-xs u-valign-middle-lg u-valign-middle-xl u-container-layout-2\">\n                  <div alt=\"\" class=\"u-align-center-sm u-align-center-xs u-image u-image-circle u-image-1\" data-image-width=\"1600\" data-image-height=\"1067\" style=\"background-image: url(&quot;https:\/\/avtechsummit.com\/wp-content\/uploads\/2022\/01\/grandeplage_depuislamer-3840emmymartens-8.jpg&quot;);\"><\/div>\n                <\/div>\n              <\/div>\n            <\/div>\n          <\/div>\n        <\/div>\n      <\/div>\n    <\/section>\n    <section class=\"u-clearfix u-section-5\" src=\"\" id=\"carousel_35a0\">\n      <div class=\"u-clearfix u-sheet u-sheet-1\">\n        <div class=\"u-clearfix u-expanded-width u-layout-wrap u-layout-wrap-1\">\n          <div class=\"u-layout\">\n            <div class=\"u-layout-row\">\n              <div class=\"u-container-style u-layout-cell u-left-cell u-size-23-md u-size-23-sm u-size-23-xs u-size-27-lg u-size-27-xl u-layout-cell-1\">\n                <div class=\"u-container-layout u-container-layout-1\">\n                  <h1 class=\"u-align-left u-text u-text-custom-color-1 u-text-1\">\n                    <font style=\"vertical-align: inherit;\">\n                      <font style=\"vertical-align: inherit;\">Les Halles <\/font>\n                    <\/font>\n                    <br>\n                    <span style=\"font-weight: 400; font-size: 1.875rem;\">\n                      <font style=\"vertical-align: inherit;\">\n                        <font style=\"vertical-align: inherit;\">La soir\u00e9e AVTech<\/font>\n                      <\/font>\n                    <\/span>\n                  <\/h1>\n                  <div class=\"u-custom-color-1 u-shape u-shape-rectangle u-shape-1\"><\/div>\n                  <p class=\"u-align-left u-custom-font u-heading-font u-text u-text-2\">\n                    <span class=\"u-text-custom-color-2\" style=\"font-size: 1.125rem;\">\n                      <span style=\"font-weight: 400;\"><\/span>\n                      <font style=\"vertical-align: inherit;\">\n                        <font style=\"vertical-align: inherit;\">March\u00e9 couvert chaleureux avec petits \u00e9tals de poissons\/fruits de mer, fromages, c<\/font>\n                      <\/font>\n                      <span style=\"font-weight: 400;\"><\/span>\n                      <font style=\"vertical-align: inherit;\">\n                        <font style=\"vertical-align: inherit;\">harcuterie et plus encore. <\/font>\n                      <\/font>\n                    <\/span>\n                    <br>\n                  <\/p>\n                <\/div>\n              <\/div>\n              <div class=\"u-align-center-lg u-align-center-md u-align-center-xl u-align-left-sm u-align-left-xs u-container-style u-layout-cell u-right-cell u-shape-rectangle u-size-33-lg u-size-33-xl u-size-37-md u-size-37-sm u-size-37-xs u-layout-cell-2\">\n                <div class=\"u-container-layout u-valign-bottom-md u-valign-bottom-sm u-valign-bottom-xs u-valign-middle-lg u-valign-middle-xl u-container-layout-2\">\n                  <div alt=\"\" class=\"u-align-center-sm u-align-center-xs u-image u-image-circle u-image-1\" data-image-width=\"960\" data-image-height=\"1280\" style=\"background-image: url(&quot;https:\/\/avtechsummit.com\/wp-content\/uploads\/2022\/01\/halles_entree-8.jpeg&quot;);\"><\/div>\n                <\/div>\n              <\/div>\n            <\/div>\n          <\/div>\n        <\/div>\n      <\/div>\n    <\/section>\n    \n    \n    \n  \n","protected":false},"excerpt":{"rendered":"<p>Je r\u00e9serve mon h\u00e9bergement avec les meilleurs tarifs de chambre liste des h\u00f4tels Le Bellevue Centre de congr\u00e8s Construit en 1930 et r\u00e9put\u00e9 pour son style Belle Epoque, le Bellevue est situ\u00e9 en plein c\u0153ur de Biarritz. Sa rotonde offre une vue imprenable sur l&rsquo;oc\u00e9an. Le Casino Barri\u00e8re Le Casino de Biarritz est situ\u00e9 le &hellip; <a href=\"https:\/\/avtechsummit.com\/index.php\/infos-pratiques-4\/\" class=\"more-link\">Continue reading<span class=\"screen-reader-text\"> \u00ab\u00a0Infos pratiques\u00a0\u00bb<\/span><\/a><\/p>\n","protected":false},"author":1,"featured_media":0,"parent":0,"menu_order":2,"comment_status":"closed","ping_status":"closed","template":"","meta":{"footnotes":""},"class_list":["post-740","page","type-page","status-publish","hentry"],"jetpack_sharing_enabled":true,"_links":{"self":[{"href":"https:\/\/avtechsummit.com\/index.php\/wp-json\/wp\/v2\/pages\/740","targetHints":{"allow":["GET"]}}],"collection":[{"href":"https:\/\/avtechsummit.com\/index.php\/wp-json\/wp\/v2\/pages"}],"about":[{"href":"https:\/\/avtechsummit.com\/index.php\/wp-json\/wp\/v2\/types\/page"}],"author":[{"embeddable":true,"href":"https:\/\/avtechsummit.com\/index.php\/wp-json\/wp\/v2\/users\/1"}],"replies":[{"embeddable":true,"href":"https:\/\/avtechsummit.com\/index.php\/wp-json\/wp\/v2\/comments?post=740"}],"version-history":[{"count":4,"href":"https:\/\/avtechsummit.com\/index.php\/wp-json\/wp\/v2\/pages\/740\/revisions"}],"predecessor-version":[{"id":2686,"href":"https:\/\/avtechsummit.com\/index.php\/wp-json\/wp\/v2\/pages\/740\/revisions\/2686"}],"wp:attachment":[{"href":"https:\/\/avtechsummit.com\/index.php\/wp-json\/wp\/v2\/media?parent=740"}],"curies":[{"name":"wp","href":"https:\/\/api.w.org\/{rel}","templated":true}]}}